 - 151. Give n(-37).
478
Let m(c) = -4*c**2 + 10*c + 15. Determine m(2).
19
Let a(s) = 9*s + 547. Give a(-61).
-2
Let r(m) = -2*m + 77. Give r(32).
13
Let r(k) = -2*k**2 + 22*k + 58. What is r(13)?
6
Let d(x) = x**3 + 2*x**2 - 332*x - 1299. Determine d(-4).
-3
Let w(d) = -7*d**2 + 165*d + 81. Give w(24).
9
Let x(g) = -g**2 + 49*g - 90. Determine x(47).
4
Let v(y) = 8*y**2 + 9*y - 8. Determine v(3).
91
Let m(v) = 7*v + 153. Determine m(-22).
-1
Let g(u) = -u**3 + 4*u**2 - 74*u + 75. Determine g(1).
4
Let d(i) = 3*i**3 - 47*i**2 - 13*i + 1159. Calculate d(14).
-3
Let n(d) = 3*d**3 - 6*d**2 + 20*d - 73. Determine n(3).
14
Let z(p) = -p**3 - 3*p**2 + 25*p + 123. What is z(-7)?
144
Let h(k) = k**3 + 41*k**2 - 2*k - 48. What is h(-41)?
34
Let m(c) = -1115*c + 1144. What is m(1)?
29
Let b(x) = 113*x**2 - 2604*x + 111. Calculate b(23).
-4
Let v(i) = 2*i**3 + 14*i**2 - 6*i + 2. What is v(-8)?
-78
Let k(y) = y**3 + y - 86. Give k(0).
-86
Let j(p) = 33*p - 416. Determine j(10).
-86
Let p(n) = -4*n**3 + n**2 + 4*n - 7. Determine p(-2).
21
Let x(s) = s**3 - 7*s**2 - 78*s + 537. Give x(7).
-9
Let d(t) = -4*t**2 - 16*t + 148. Determine d(-9).
-32
Let d(z) = z**3 - 11*z**2 + 3*z + 21. What is d(-4)?
-231
Let p(f) = -335*f - 10058. Determine p(-30).
-8
Let r(t) = 189*t - 1714. Give r(9).
-13
Let r(g) = -13*g + 446. Calculate r(35).
-9
Let d(n) = 28*n + 943. Determine d(-24).
271
Let p(n) = -14*n - 248. Give p(-22).
60
Let c(r) = -r**2 - 18*r - 5. Give c(-17).
12
Let d(q) = -q**2 + 44*q - 451. Give d(38).
-223
Let t(j) = -29*j + 1133. Calculate t(39).
2
Let n(d) = -13*d**2 - 112*d + 19. What is n(-9)?
-26
Let x(z) = z**2 + 75*z + 1230. Determine x(-23).
34
Let j(d) = 2*d**2 - 361*d - 1095. Calculate j(-3).
6
Let r(q) = 62*q - 897. Calculate r(14).
-29
Let x(y) = 1002*y + 7986. Calculate x(-8).
-30
Let k(o) = 4*o**2 - 75*o - 6. What is k(23)?
385
Let d(k) = 34*k**3 - 2*k**2 + 1. Calculate d(-1).
-35
Let q(t) = t**2 + 39*t - 31. What is q(8)?
345
Let u(l) = -2*l**2 + 26*l + 213. Determine u(-6).
-15
Let r(j) = -j**3 + 21*j**2 + 69*j + 64. What is r(24)?
-8
Let s(n) = 4*n - 4. Give s(-4).
-20
Let v(u) = -11*u - 312. Calculate v(-29).
7
Let v(a) = -10528*a - 105274. Give v(-10).
6
Let l(n) = 2*n**2 + 90*n + 396. What is l(-40)?
-4
Let l(q) = -8*q**2 + 27*q + 48. What is l(6)?
-78
Let s(w) = -2760*w + 184928. Calculate s(67).
8
Let v(d) = -d**3 - 46*d**2 + 252*d - 176. Give v(-51).
-23
Let v(o) = o**2 - o - 21. What is v(0)?
-21
Let s(u) = 16*u - 1425. What is s(93)?
63
Let d(f) = f**3 - 14*f**2 - 6*f - 4. Give d(16).
412
Let l(q) = -3*q**2 - 110*q - 472. Calculate l(-29).
195
Let u(l) = 126*l + 924. What is u(-8)?
-84
Let q(l) = -49*l + 489. Give q(10).
-1
Let p(i) = -109*i - 1417. Give p(-13).
0
Let r(g) = -3*g - 324. Calculate r(-42).
-198
Let w(v) = 172*v + 1715. Determine w(-10).
-5
Let c(o) = -54*o - 734. Give c(-18).
238
Let x(k) = 2*k**3 + 6*k**2 - 34*k - 10. Determine x(4).
78
Let d(h) = 26*h - 663. Calculate d(18).
-195
Let k(q) = -q**2 - 41*q - 201. Give k(-5).
-21
Let w(x) = -317*x + 3200. Give w(10).
30
Let q(u) = 371*u + 3326. Give q(-9).
-13
Let q(a) = -14*a - 338. What is q(-21)?
-44
Let g(v) = v**2 - 61*v - 782. Give g(62).
-720
Let p(a) = 3*a**3 + 30*a**2 - 33*a - 58. Give p(-11).
-58
Let c(o) = o**3 + 49*o**2 - 23*o - 1118. What is c(-49)?
9
Let k(o) = -40*o + 4784. Calculate k(119).
24
Let a(h) = -60*h**2 + 3778*h + 124. Determine a(63).
-2
Let x(q) = -q**2 - 66*q + 1556. Give x(18).
44
Let n(b) = 3*b**3 + 9*b**2 + 6*b - 2. What is n(-2)?
-2
Let h(c) = c**3 - 155*c**2 - 317*c + 438. What is h(157)?
-33
Let t(n) = -n**2 - 48*n - 141. Determine t(-17).
386
Let v(n) = -n**3 + 2*n**2 + n + 146. Give v(0).
146
Let x(s) = 5*s**2 + 1380*s - 5498. Calculate x(4).
102
Let f(y) = -y**3 - 76*y**2 - 1246*y + 80. Give f(-52).
-24
Let g(j) = 4*j**3 + 321*j**2 + 81*j + 88. What is g(-80)?
8
Let h(u) = u**3 - 70*u**2 + 8*u - 34. Give h(0).
-34
Let i(k) = -3*k**3 + 17*k**2 + 30*k - 29. Give i(7).
-15
Let k(g) = -93*g**2 + 1767*g + 14. Calculate k(19).
14
Let h(u) = 9*u**2 + 78*u - 2641. What is h(-22)?
-1
Let n(z) = z**3 - 10*z**2 - 23*z - 17. Give n(14).
445
Let o(x) = -x**2 - 14*x - 17. What is o(-2)?
7
Let i(w) = 25*w**2 - 367*w - 121. Give i(15).
-1
Let v(p) = p**3 - 30*p**2 + 64*p + 682. Determine v(7).
3
Let u(r) = 183*r + 6220. Determine u(-34).
-2
Let p(f) = -2*f**2 - 22*f + 340. Calculate p(-19).
36
Let s(z) = -12*z**3 + 5*z**2 + 17*z - 22. Give s(1).
-12
Let b(m) = 1114*m - 124768. What is b(112)?
0
Let j(c) = -c**2 - 481*c - 37850. Calculate j(-99).
-32
Let k(z) = -z**3 - 13*z**2 - 8*z + 39. Calculate k(-12).
-9
Let j(x) = -41*x - 1021. Determine j(-25).
4
Let z(l) = -3*l**2 - 100*l - 166. Calculate z(-26).
406
Let t(p) = -8019*p + 24066. Determine t(3).
9
Let p(z) = z**3 + 19*z**2 + 60*z + 195. Calculate p(-16).
3
Let h(t) = 2*t**3 - 37*t**2 + 169*t - 1. Give h(8).
7
Let t(m) = -2*m**2 + 30*m + 7. Give t(15).
7
Let l(k) = 33*k - 413. Give l(19).
214
Let m(v) = v**3 - v**2 - 13*v + 31. What is m(6)?
133
Let o(a) = 78*a - 1649. Give o(21).
-11
Let m(z) = -z**3 + 25*z**2 - 33*z + 86. Calculate m(24).
-130
Let t(a) = -6*a**2 + 30*a - 69. What is t(9)?
-285
Let r(o) = 6*o**2 + 415*o + 7088. What is r(-31)?
-11
Let v(p) = 1744*p + 8709. What is v(-5)?
-11
Let p(r) = -r**2 + 61*r - 843. What is p(41)?
-23
Let h(y) = 107*y**2 - 2891*y + 51. Calculate h(27).
-3
Let g(k) = -k**3 - 66*k**2 + 213*k - 17. What is g(3)?
1
Let u(v) = 32*v + 42. Calculate u(2).
106
Let g(j) = -1145*j - 3536. Calculate g(-3).
-101
Let w(m) = 2*m**2 - 135*m - 552. What is w(-4)?
20
Let o(j) = -1595*j + 11177. What is o(7)?
12
Let s(l) = 165*l - 1486. Determine s(9).
-1
Let v(k) = k**3 - 2*k**2 - 11*k + 6. Determine v(5).
26
Let o(l) = -l**3 + 27*l**2 - 17*l - 210. What is o(26)?
24
Let y(z) = 6*z**2 + 575*z - 81. Determine y(-96).
15
Let t(z) = z**3 + 2*z**2 + 2*z - 152. Calculate t(0).
-152
Let y(l) = -60*l**2 - 356*l - 8. Calculate y(-6).
-32
Let f(o) = o**2 - 128*o - 1530. Determine f(-11).
-1
Let s(j) = 447*j + 429. Give s(-1).
-18
Let f(u) = -7*u - 137. Calculate f(-15).
-32
Let z(d) = -d**3 + 26*d**2 + 98*d - 320. Give z(29).
-1
Let q(k) = 2*k**2 - 24*k - 447. What is q(-10)?
-7
Let n(w) = 6*w**2 - 50*w - 41. Determine n(9).
-5
Let q(t) = 61*t - 643. Give q(12).
89
Let s(k) = k**3 - 39*k**2 - k - 40. Calculate s(39).
-79
Let x(a) = 2*a**3 + 84*a**2 - 94*a - 356. Determine x(-43).
-12
Let n(q) = q**3 + 17*q**2 + 73*q + 26. What is n(-10)?
-4
Let p(h) = 106*h + 116. Determine p(3).
434
Let z(o) = o**2 + 162*o + 1233. Give z(-154).
1
Let z(s) = -2*s**3 - 43*s**2 - 48*s - 119. Give z(-21).
448
Let x(g) = 47*g - 510. Calculate x(15).
195
Let m(b) = -b**2 + 36*b + 308. Give m(-7).
7
Let w(r) = 16*r**2 - 1486*r - 130. Give w(93).
56
Let b(g) = g**2 + 15909*g - 159200. Calculate b(10).
-10
Let s(b) = -16*b**3 + 2*b**2 - 11*b + 18. Calculate s(2).
-124
Let n(v) = 37*v**2 - 2218*v - 119. Calculate n(60).
1
Let l(b) = -2*b**3 + 68*b**2 - 3*b + 140. Give l(34).
38
Let r(i) = 166*i - 1121. What is r(7)?
41
Let g(c) = 8*c - 73. Calculate g(0).
-73
Let i(f) = 14*f**2 - 159*f + 14. Determine i(11).
-41
Let b(t) = t**2 - 60*t + 60. Calculate b(59).
1
Let z(d) = d**3 + 10*d**2 - 80*d - 73. What is z(-15)?
2
Let n(i) = i**3 - 23*i**2 - 247*i - 20. Calculate n(31).
11
Let m(i) = 10*i + 43. Determine m(12).
163
Let n(f) = -927*f - 10174. Calculate n(-11).
23
Let x(t) = -95*t - 1145. Determine x(-12).
-5
Let r(f) = f**3 - 53*f**2 - 118*f + 436. What is r(55)?
-4
Let m(t) = -329*t - 1797. Determine m(-4).
-481
Let b(g) = 97*g - 1169. Determine b(12).
-5
Let x(s) = -12*s**2 - 97*s - 19. What is x(-8)?
-11
Let b(y) = -15*y**2 + 1300*y + 10. Calculate b(87).
-425
Let s(r) = r**2 + 83*r + 248. Determine s(-80).
8
Let m(h) = -696*h + 4883. Calculate m(7).
11
Let h(w) = 206*w - 6794. What is h(33)?
4
Let t(k) = 5*k**2 + 345*k - 360. Determine t(-70).
-10
Let y(a) = 2*a**3 + 39*a**2 - 473*a + 45. What is y(-28)?
-39
Let p(h) = h**2 + 10218*h - 40879. What is p(4)?
9
Let x(t) = -t**2 + 48*t + 192. Determine x(-4).
-16
Let b(t) = 3*t**3 - 6*t**2 - t + 18. What is b(2)?
16
Let v(r) = -r**2 + 2*r + 16. Give v(6).
-8
Let n(x) = -x**2 - 29*x - 144. Calculate n(-22).
10
Let z(r) = 9*r**2 + 68*r - 4736. Give z(-